 Determine h(-42).
-20
Let w(i) = -4*i**3 - 216*i**2 + 1107*i + 10394. What is w(-58)?
12
Let b(h) = -5*h**3 + 150*h**2 + 49*h - 179. What is b(30)?
1291
Let f(g) = 4*g**2 + 130*g - 328. What is f(-35)?
22
Let k(c) = -24*c**2 + 573*c - 3048. Give k(15).
147
Let t(k) = -38*k**3 + 31*k**2 - 72*k + 36. What is t(2)?
-288
Let s(d) = -277*d + 7988. Calculate s(30).
-322
Let i(a) = -31*a - 1945. Calculate i(-84).
659
Let p(i) = -2*i**3 + 178*i**2 + 386*i - 1998. Calculate p(91).
4
Let a(p) = 118602*p - 1897638. What is a(16)?
-6
Let h(y) = y**3 + 38*y**2 + 97*y + 154. Calculate h(-28).
5278
Let c(a) = a**3 - 21*a**2 + 26*a + 89. Determine c(11).
-835
Let h(r) = -29071*r - 174433. What is h(-6)?
-7
Let b(o) = -4*o**2 + 96*o + 5694. What is b(-28)?
-130
Let u(p) = -804*p + 72323. Calculate u(90).
-37
Let x(a) = 12*a**2 - 2633*a - 16241. Determine x(-6).
-11
Let d(t) = -2*t**2 + 28*t + 26343. What is d(-108)?
-9
Let p(a) = -3*a**2 - 4411*a - 493498. Give p(-122).
-8
Let l(f) = -114*f**3 - 5*f**2 + 17*f - 21. What is l(2)?
-919
Let c(v) = 2*v**2 - 5385*v + 290144. What is c(55)?
19
Let t(y) = 6*y**2 - 1236*y - 1362. Determine t(207).
-120
Let z(j) = j**3 - 25*j**2 + 113*j - 1076. Calculate z(9).
-1355
Let x(s) = -18*s**2 - 2036*s + 974. Determine x(-115).
-2936
Let d(m) = 1348*m - 91689. Give d(68).
-25
Let b(l) = -14*l**2 - 130*l + 1773. Calculate b(-17).
-63
Let t(x) = -2*x**3 - 94*x**2 - 120*x - 1283. What is t(-46)?
5
Let r(h) = -h**2 - 695*h + 53541. What is r(70)?
-9
Let d(h) = -13*h**2 + 413*h - 2470. Determine d(8).
2
Let w(t) = 2*t**3 + 4*t**2 - t + 14. Calculate w(6).
584
Let i(y) = 2096*y - 4258. Calculate i(2).
-66
Let p(b) = 46*b**3 - 10533*b**2 - 223*b - 1285. Give p(229).
89
Let t(r) = 1958*r - 317000. Determine t(162).
196
Let l(u) = 3887*u + 26643. Give l(-7).
-566
Let i(p) = -45876*p - 412892. What is i(-9)?
-8
Let r(x) = -788*x - 267908. Determine r(-340).
12
Let b(j) = -60295*j + 120587. Give b(2).
-3
Let w(b) = 2188*b**2 + 7039*b + 1429. What is w(-3)?
4
Let x(f) = 190*f - 7220. Give x(39).
190
Let o(b) = 39*b**3 - 2*b**2 + 57*b + 193. Calculate o(-4).
-2563
Let i(v) = -9277*v + 788553. Give i(85).
8
Let i(l) = 924*l**2 + 54552*l + 2157. Give i(-59).
33
Let c(w) = 161*w - 38865. What is c(231)?
-1674
Let m(f) = -767*f + 16012. Calculate m(21).
-95
Let g(h) = h**3 + 16*h**2 + 522*h + 7978. What is g(-16)?
-374
Let g(i) = -63*i**2 + 187*i - 831. Calculate g(9).
-4251
Let w(y) = -y**2 - 684*y + 18080. Calculate w(25).
355
Let a(y) = 2*y**2 + 194*y - 383195. What is a(-489)?
181
Let j(k) = 2744*k - 112583. Determine j(41).
-79
Let m(j) = -j**3 + 17*j**2 - 24*j - 158. Give m(14).
94
Let n(x) = 3*x**2 - 4590*x - 32196. What is n(-7)?
81
Let m(t) = -t**3 + 48*t**2 + 2342*t - 3319. Determine m(-31).
-2
Let h(n) = n**3 + 241*n**2 + 14516*n + 238. Determine h(-118).
2
Let i(p) = 30*p**2 + 559*p - 227. Calculate i(-19).
-18
Let f(a) = a**2 - 522*a - 10817. Calculate f(-20).
23
Let s(d) = -d**2 + 309*d - 12901. What is s(45)?
-1021
Let k(n) = -104*n - 11351. What is k(-127)?
1857
Let w(i) = -i**2 + 2156*i - 15085. Calculate w(7).
-42
Let y(j) = -2*j**3 + 55*j**2 + 94*j - 229. What is y(29)?
-26
Let v(o) = 54*o**2 + 159*o - 236. Determine v(-4).
-8
Let i(t) = 1484*t - 31264. What is i(21)?
-100
Let d(v) = -564*v**2 + 2275*v - 106. Give d(4).
-30
Let g(i) = i**2 + 667*i - 18872. What is g(27)?
-134
Let g(v) = -11*v**2 - 1744*v - 948. Give g(-158).
0
Let y(n) = -2*n**3 - 137*n**2 - 573*n + 223. Calculate y(-64).
31
Let v(c) = 3804*c + 167375. What is v(-44)?
-1
Let x(z) = -z**3 + 4*z**2 + 89*z + 30. Calculate x(11).
162
Let v(q) = q**3 - 23*q**2 - 651*q + 10235. Calculate v(16).
-1973
Let s(g) = -66*g**3 - 1461*g - 4370. Determine s(-3).
1795
Let d(s) = -2*s**3 + 45*s**2 + 84*s - 608. What is d(22)?
1724
Let j(l) = -90*l**3 + 900*l**2 - 2*l + 7. Determine j(10).
-13
Let h(f) = 56474*f + 1411864. Give h(-25).
14
Let r(i) = 9*i**2 - 187*i + 586. Give r(17).
8
Let c(s) = -2*s**2 + 404*s - 16141. Determine c(55).
29
Let j(o) = 34132*o - 580248. Calculate j(17).
-4
Let l(r) = -3*r**2 - 121*r + 19851. Determine l(-104).
-13
Let k(l) = -2*l**2 + 704*l + 3540. What is k(-5)?
-30
Let v(d) = -2708*d**2 + 113599*d + 5747. Give v(42).
-7
Let o(p) = 3*p**2 - 965*p + 9936. What is o(311)?
-16
Let d(b) = -b**3 - 30*b**2 + 98*b + 5204. What is d(-26)?
-48
Let p(j) = 34*j**2 - 277*j - 25. Calculate p(9).
236
Let n(k) = -3*k**2 + 729*k - 5709. Determine n(8).
-69
Let f(y) = y**2 - 262*y - 3904. Calculate f(-14).
-40
Let f(y) = y**2 + 132*y - 7925. Determine f(-177).
40
Let d(i) = -4*i**3 - 32*i**2 - 637*i - 5106. Determine d(-8).
-10
Let h(u) = -13927*u + 152255. What is h(11)?
-942
Let g(q) = 24*q**2 + 1077*q + 1011. Calculate g(-44).
87
Let i(s) = -360*s - 34923. Give i(-100).
1077
Let b(k) = 20*k**2 - 25*k + 59. Determine b(0).
59
Let r(p) = p**3 + 108*p**2 + 479*p + 6548. What is r(-104)?
-4
Let b(i) = -i**2 - 135*i + 4559. Determine b(28).
-5
Let n(l) = -13*l**3 + 5172*l**2 + 363*l + 172333. What is n(398)?
-1
Let b(q) = 1478*q + 298541. Determine b(-202).
-15
Let h(b) = 11*b**2 + 3748*b - 22799. What is h(6)?
85
Let v(r) = 3251*r - 19343. Determine v(5).
-3088
Let v(y) = -1041*y + 9301. What is v(8)?
973
Let m(r) = -r**2 + 285337*r - 2853263. What is m(10)?
7
Let b(l) = l**2 - 6389*l - 9744797. Calculate b(-1272).
-5
Let o(i) = -1459080*i + 4377225. Determine o(3).
-15
Let m(w) = 8*w**3 - 406*w**2 + 407*w - 3. What is m(1)?
6
Let s(r) = -741*r**2 + 5936*r - 6. What is s(8)?
58
Let o(x) = -x**2 + 4089*x + 49211. Give o(-12).
-1
Let c(b) = -b**3 + 518*b**2 - 1019*b - 6649. What is c(516)?
59
Let r(q) = -32554*q - 7129340. Give r(-219).
-14
Let a(m) = -133*m + 1212. What is a(12)?
-384
Let d(r) = -164*r - 15497. Give d(-96).
247
Let z(v) = 12803*v - 50880. Give z(4).
332
Let g(x) = -10880*x - 4373760. Give g(-402).
0
Let g(y) = 1813*y - 54660. Determine g(28).
-3896
Let u(y) = -1740*y - 233218. Calculate u(-134).
-58
Let j(r) = r**3 + 63*r**2 + 3*r + 464. Determine j(-63).
275
Let u(x) = -x**3 - 24*x**2 + 13672*x + 16372. Calculate u(-129).
-11
Let t(y) = -y**3 + 48*y**2 + 264*y - 360. Calculate t(-6).
0
Let r(d) = -971*d**2 - 2318*d + 4637. Give r(2).
-3883
Let a(c) = -210*c - 157. Calculate a(-1).
53
Let n(b) = -2*b**2 - 138225*b + 24945297. What is n(180)?
-3
Let s(g) = -2066*g + 33016. What is s(16)?
-40
Let m(p) = -677*p + 11026. Give m(13).
2225
Let w(a) = 9950*a - 3213836. Give w(323).
14
Let r(n) = -321*n**2 + 15385*n + 1001. Calculate r(48).
-103
Let y(x) = x**2 + 104*x - 380. Give y(-105).
-275
Let v(g) = -g**2 - 445*g - 42194. Calculate v(-137).
2
Let j(a) = a**3 + 33*a**2 + 72*a + 1023. Calculate j(-32).
-257
Let z(f) = -2*f**3 + 9*f**2 + 292*f - 1679. Calculate z(6).
-35
Let o(l) = 25*l**3 + 136*l**2 + 5*l + 37. Calculate o(-6).
-497
Let y(s) = 9604*s + 29385. Calculate y(-3).
573
Let p(o) = 9*o**2 - 150*o + 784. What is p(6)?
208
Let v(i) = i**3 + 258*i**2 - 7699*i + 284. What is v(27)?
176
Let l(t) = 2223*t**2 - 111154*t + 194. What is l(50)?
-6
Let b(a) = -247*a**2 + 1249*a - 119. Calculate b(5).
-49
Let s(b) = -20*b**3 - 40*b**2 + 18*b - 36. Give s(4).
-1884
Let a(x) = x**2 - 13374*x + 320442. Determine a(24).
42
Let q(v) = -1346*v + 1802. What is q(2)?
-890
Let i(d) = 331*d + 1252. What is i(-7)?
-1065
Let k(w) = -w**2 - 97*w - 836. Calculate k(-48).
1516
Let f(d) = -d**3 - 168*d**2 + 511*d + 116. What is f(-171)?
458
Let c(g) = -5*g**3 + 148*g**2 + 183*g + 37. Give c(-1).
7
Let k(m) = m**2 - 208*m + 5831. Calculate k(35).
-224
Let r(n) = -n**3 - 4*n**2 - 43901*n + 175628. Determine r(4).
-104
Let h(m) = -6*m**3 + m**2 + 407*m + 36. What is h(0)?
36
Let r(x) = 4*x**2 + 334*x + 4137. Calculate r(-15).
27
Let u(w) = 60*w + 6307. Determine u(-105).
7
Let c(z) = 7*z**3 + 169*z**2 - 325*z + 330. Determine c(-26).
-8
Let c(b) = -5*b**2 + 189*b - 1796. What is c(23)?
-94
Let k(l) = 40*l**2 + 1555*l - 26977. What is k(13)?
-2
Let j(m) = -2*m**3 + 6*m**2 + 762*m + 97. Determine j(-18).
-11
Let l(c) = -3*c**3 + 25*c**2 + 117*c - 259. Determine l(11).
60
Let x(i) = i**3 + 98*i**2 + 1980*i + 3. Give x(-28).
-557
Let i(w) = -5*w**2 + 8532*w + 34151. Determine i(-4).
-57
Let b(v) = -2*v**3 + 2689*v**2 + 6710*v + 33669. Give b(1347).
-6
Let t(c) = -c**3 